{"id":176,"date":"2021-10-24T19:03:47","date_gmt":"2021-10-24T19:03:47","guid":{"rendered":"https:\/\/berlins4.eu\/?page_id=176"},"modified":"2023-08-08T12:19:04","modified_gmt":"2023-08-08T12:19:04","slug":"presse","status":"publish","type":"page","link":"https:\/\/berlins4.eu\/?page_id=176","title":{"rendered":"Pressestimmen"},"content":{"rendered":"\n<hr class=\"wp-block-separator has-css-opacity is-style-default\"\/>\n\n\n\n<p class=\"has-text-color\" style=\"color:#000000\"> &#8220;[&#8230;] In Windeseile sangen sich die vier pr\u00e4chtig gelaunten Akteure in die Herzen der G\u00e4ste. Das Publikum staunte nicht schlecht \u00fcber die unglaubliche Vielseitigkeit, mit der das stimmgewaltige Ensemble agierte. Solo- und Begleitstimmen wechselten sich in feinsten und hochkomplexen Arrangements permanent und in rasender Geschwindigkeit ab, wobei die Sangeskunst nie Selbstzweck war, sondern sich stets an das immer weiter verz\u00fcckte Publikum richtete.&#8221;[&#8230;] <\/p>\n\n\n\n<p class=\"has-text-color\" style=\"color:#000000\">\u2014   BEN-Kurier, St. Goarshausen  <\/p>\n\n\n\n<hr class=\"wp-block-separator has-css-opacity is-style-default\"\/>\n\n\n\n<p class=\"has-text-color\" style=\"color:#000000\">  &#8220;[&#8230;] Die meisten Songs sind bekannt, jeder singt und klatscht mit, und es kommt eine richtig gute Stimmung auf. Mal sind die Lieder sehr gef\u00fchlvoll wie bei &#8220;The lion sleeps tonight&#8221;, mal rhythmisch wie bei &#8220;Mahna-Mahna&#8221; oder stimmungsvoll, wenn die vier den Udo J\u00fcrgens Klassiker &#8220;Griechischer Wein&#8221; zum Besten geben. Dabei harmonieren die Stimmen perfekt miteinander: Sopran, Alt, Tenor und Bass erg\u00e4nzen sich wunderbar. [&#8230;]&#8221;  <\/p>\n\n\n\n<p class=\"has-text-color\" style=\"color:#000000\"> \u2014    Rheinzeitung, Koblenz   <\/p>\n\n\n\n<hr class=\"wp-block-separator has-css-opacity is-style-default\"\/>\n\n\n\n<p class=\"has-text-color\" style=\"color:#000000\">  &#8220;[&#8230;] Da wurde mit den Lauten gemalt, unorthodox auf einer K\u00fcchenreibe musiziert, eine Show abgezogen und Quatsch gemacht, dass es eine Wonne war. Keine Frage: An diesem Abend herrschte, passend zum abendlichen Sonnenschein nach langer Regenphase, Heiterkeit vor! [&#8230;]&#8221; <\/p>\n\n\n\n<p class=\"has-text-color\" style=\"color:#000000\"> \u2014     Rhein-Lahn-Zeitung, Bad Ems   <\/p>\n\n\n\n<hr class=\"wp-block-separator has-css-opacity is-style-default\"\/>\n\n\n\n<div class=\"wp-block-file\"><a id=\"wp-block-file--media-efc21eb3-83ee-4aa8-9e38-88daca2608b0\" href=\"https:\/\/berlins4.eu\/wp-content\/uploads\/2022\/03\/Boppard-Presse.png\" target=\"_blank\" rel=\"noreferrer noopener\">Pressebericht-Auftritt-Boppard-Rhein-Zeitung-14.08.2020<\/a><a href=\"https:\/\/berlins4.eu\/wp-content\/uploads\/2022\/03\/Boppard-Presse.png\" class=\"wp-block-file__button wp-element-button\" download aria-describedby=\"wp-block-file--media-efc21eb3-83ee-4aa8-9e38-88daca2608b0\">Herunterladen<\/a><\/div>\n\n\n\n<div class=\"wp-block-file\"><a id=\"wp-block-file--media-83307734-5c3b-4196-a472-015c399ae507\" href=\"https:\/\/berlins4.eu\/wp-content\/uploads\/2022\/03\/Pressebericht-Auftritt-Westhofen-Wormser-Zeitung-20.08.2020.jpg\" target=\"_blank\" rel=\"noreferrer noopener\">Pressebericht-Auftritt-Westhofen-Wormser-Zeitung-20.08.2020<\/a><a href=\"https:\/\/berlins4.eu\/wp-content\/uploads\/2022\/03\/Pressebericht-Auftritt-Westhofen-Wormser-Zeitung-20.08.2020.jpg\" class=\"wp-block-file__button wp-element-button\" download aria-describedby=\"wp-block-file--media-83307734-5c3b-4196-a472-015c399ae507\">Herunterladen<\/a><\/div>\n\n\n\n<div class=\"wp-block-file\"><a id=\"wp-block-file--media-1121bc19-ca87-40c8-a972-8646ff3c8091\" href=\"https:\/\/berlins4.eu\/wp-content\/uploads\/2023\/08\/Rhein-Lahn-Zeitung-08.08.2023.png\">Rhein-Lahn-Zeitung-08.08.2023<\/a><a href=\"https:\/\/berlins4.eu\/wp-content\/uploads\/2023\/08\/Rhein-Lahn-Zeitung-08.08.2023.png\" class=\"wp-block-file__button wp-element-button\" download aria-describedby=\"wp-block-file--media-1121bc19-ca87-40c8-a972-8646ff3c8091\">Herunterladen<\/a><\/div>\n","protected":false},"excerpt":{"rendered":"<p>&#8220;[&#8230;] In Windeseile sangen sich die vier pr\u00e4chtig gelaunten Akteure in die Herzen der G\u00e4ste. Das Publikum staunte nicht schlecht \u00fcber die unglaubliche Vielseitigkeit, mit der das stimmgewaltige Ensemble agierte. Solo- und Begleitstimmen wechselten sich in feinsten und hochkomplexen Arrangements &hellip;<\/p>\n<p class=\"read-more\"> <a class=\"more-link\" href=\"https:\/\/berlins4.eu\/?page_id=176\"> <span class=\"screen-reader-text\">Pressestimmen<\/span> Weiterlesen &raquo;<\/a><\/p>\n","protected":false},"author":1,"featured_media":0,"parent":0,"menu_order":0,"comment_status":"closed","ping_status":"closed","template":"","meta":{"inline_featured_image":false,"footnotes":""},"class_list":["post-176","page","type-page","status-publish","hentry"],"_links":{"self":[{"href":"https:\/\/berlins4.eu\/index.php?rest_route=\/wp\/v2\/pages\/176","targetHints":{"allow":["GET"]}}],"collection":[{"href":"https:\/\/berlins4.eu\/index.php?rest_route=\/wp\/v2\/pages"}],"about":[{"href":"https:\/\/berlins4.eu\/index.php?rest_route=\/wp\/v2\/types\/page"}],"author":[{"embeddable":true,"href":"https:\/\/berlins4.eu\/index.php?rest_route=\/wp\/v2\/users\/1"}],"replies":[{"embeddable":true,"href":"https:\/\/berlins4.eu\/index.php?rest_route=%2Fwp%2Fv2%2Fcomments&post=176"}],"version-history":[{"count":8,"href":"https:\/\/berlins4.eu\/index.php?rest_route=\/wp\/v2\/pages\/176\/revisions"}],"predecessor-version":[{"id":590,"href":"https:\/\/berlins4.eu\/index.php?rest_route=\/wp\/v2\/pages\/176\/revisions\/590"}],"wp:attachment":[{"href":"https:\/\/berlins4.eu\/index.php?rest_route=%2Fwp%2Fv2%2Fmedia&parent=176"}],"curies":[{"name":"wp","href":"https:\/\/api.w.org\/{rel}","templated":true}]}}