{"id":383,"date":"2022-03-01T18:57:44","date_gmt":"2022-03-01T18:57:44","guid":{"rendered":"https:\/\/berlins4.eu\/?page_id=383"},"modified":"2022-03-09T17:22:25","modified_gmt":"2022-03-09T17:22:25","slug":"unterwegs","status":"publish","type":"page","link":"https:\/\/berlins4.eu\/?page_id=383","title":{"rendered":"Unterwegs"},"content":{"rendered":"<style type=\"text\/css\">\n#foogallery-gallery-278 .fg-image { width: 150px; }\n#foogallery-gallery-278 { --fg-gutter: 10px; }<\/style>\n\t\t\t<div class=\"foogallery foogallery-container foogallery-default foogallery-lightbox-foobox fg-center fg-default fg-ready fg-light fg-border-thin fg-shadow-outline fg-loading-default fg-loaded-fade-in fg-hover-scale fg-caption-hover fg-hover-fade fg-hover-zoom\" id=\"foogallery-gallery-278\" data-foogallery=\"{&quot;item&quot;:{&quot;showCaptionTitle&quot;:true,&quot;showCaptionDescription&quot;:true},&quot;lazy&quot;:true}\" style=\"--fg-title-line-clamp: 0; --fg-description-line-clamp: 0;\" >\n\t<div class=\"fg-item fg-type-image fg-idle\"><figure class=\"fg-item-inner\"><a href=\"https:\/\/berlins4.eu\/wp-content\/uploads\/2021\/10\/abend.jpg\" data-caption-title=\"Auf einer Hotelterrasse in Istanbul mit ein paar Cocktails den Abend ausklingen lassen...\" data-attachment-id=\"78\" data-type=\"image\" class=\"fg-thumb\"><span class=\"fg-image-wrap\"><img decoding=\"async\" title=\"Auf einer Hotelterrasse in Istanbul mit ein paar Cocktails den Abend ausklingen lassen...\" width=\"150\" height=\"150\" class=\"skip-lazy fg-image\" data-src-fg=\"https:\/\/berlins4.eu\/wp-content\/uploads\/cache\/2021\/10\/abend\/3244921816.jpg\" src=\"data:image\/svg+xml,%3Csvg%20xmlns%3D%22http%3A%2F%2Fwww.w3.org%2F2000%2Fsvg%22%20width%3D%22150%22%20height%3D%22150%22%20viewBox%3D%220%200%20150%20150%22%3E%3C%2Fsvg%3E\" loading=\"eager\"><\/span><span class=\"fg-image-overlay\"><\/span><\/a><figcaption class=\"fg-caption\"><div class=\"fg-caption-inner\"><div class=\"fg-caption-title\">Auf einer Hotelterrasse in Istanbul mit ein paar Cocktails den Abend ausklingen lassen&#8230;<\/div><\/div><\/figcaption><\/figure><div class=\"fg-loader\"><\/div><\/div><div class=\"fg-item fg-type-image fg-idle\"><figure class=\"fg-item-inner\"><a href=\"https:\/\/berlins4.eu\/wp-content\/uploads\/2021\/10\/alexandrowka.jpg\" data-caption-title=\"Gleich geht\u00b4s los! Wir freuen uns auf unseren Auftritt bei der &quot;F\u00eate de la musique&quot; in Potsdam!\" data-attachment-id=\"79\" data-type=\"image\" class=\"fg-thumb\"><span class=\"fg-image-wrap\"><img decoding=\"async\" title=\"Gleich geht\u00b4s los! Wir freuen uns auf unseren Auftritt bei der &quot;F\u00eate de la musique&quot; in Potsdam!\" width=\"150\" height=\"150\" class=\"skip-lazy fg-image\" data-src-fg=\"https:\/\/berlins4.eu\/wp-content\/uploads\/cache\/2021\/10\/alexandrowka\/3714353612.jpg\" src=\"data:image\/svg+xml,%3Csvg%20xmlns%3D%22http%3A%2F%2Fwww.w3.org%2F2000%2Fsvg%22%20width%3D%22150%22%20height%3D%22150%22%20viewBox%3D%220%200%20150%20150%22%3E%3C%2Fsvg%3E\" loading=\"eager\"><\/span><span class=\"fg-image-overlay\"><\/span><\/a><figcaption class=\"fg-caption\"><div class=\"fg-caption-inner\"><div class=\"fg-caption-title\">Gleich geht\u00b4s los! Wir freuen uns auf unseren Auftritt bei der &#8220;F\u00eate de la musique&#8221; in Potsdam!<\/div><\/div><\/figcaption><\/figure><div class=\"fg-loader\"><\/div><\/div><div class=\"fg-item fg-type-image fg-idle\"><figure class=\"fg-item-inner\"><a href=\"https:\/\/berlins4.eu\/wp-content\/uploads\/2021\/10\/Shanghai.jpg\" data-caption-title=\"Shanghai, Skyline\" data-attachment-id=\"84\" data-type=\"image\" class=\"fg-thumb\"><span class=\"fg-image-wrap\"><img decoding=\"async\" alt=\"Unterwegs\" title=\"Shanghai, Skyline\" width=\"150\" height=\"150\" class=\"skip-lazy fg-image\" data-src-fg=\"https:\/\/berlins4.eu\/wp-content\/uploads\/cache\/2021\/10\/Shanghai\/3796426148.jpg\" src=\"data:image\/svg+xml,%3Csvg%20xmlns%3D%22http%3A%2F%2Fwww.w3.org%2F2000%2Fsvg%22%20width%3D%22150%22%20height%3D%22150%22%20viewBox%3D%220%200%20150%20150%22%3E%3C%2Fsvg%3E\" loading=\"eager\"><\/span><span class=\"fg-image-overlay\"><\/span><\/a><figcaption class=\"fg-caption\"><div class=\"fg-caption-inner\"><div class=\"fg-caption-title\">Shanghai, Skyline<\/div><\/div><\/figcaption><\/figure><div class=\"fg-loader\"><\/div><\/div><div class=\"fg-item fg-type-image fg-idle\"><figure class=\"fg-item-inner\"><a href=\"https:\/\/berlins4.eu\/wp-content\/uploads\/2021\/10\/steg.jpg\" data-caption-title=\"Vor der Probe in Luzern nochmal schnell die F\u00fc\u00dfe in den Vierwaldst\u00e4ttersee stecken...\" data-attachment-id=\"86\" data-type=\"image\" class=\"fg-thumb\"><span class=\"fg-image-wrap\"><img decoding=\"async\" title=\"Vor der Probe in Luzern nochmal schnell die F\u00fc\u00dfe in den Vierwaldst\u00e4ttersee stecken...\" width=\"150\" height=\"150\" class=\"skip-lazy fg-image\" data-src-fg=\"https:\/\/berlins4.eu\/wp-content\/uploads\/cache\/2021\/10\/steg\/2860503113.jpg\" src=\"data:image\/svg+xml,%3Csvg%20xmlns%3D%22http%3A%2F%2Fwww.w3.org%2F2000%2Fsvg%22%20width%3D%22150%22%20height%3D%22150%22%20viewBox%3D%220%200%20150%20150%22%3E%3C%2Fsvg%3E\" loading=\"eager\"><\/span><span class=\"fg-image-overlay\"><\/span><\/a><figcaption class=\"fg-caption\"><div class=\"fg-caption-inner\"><div class=\"fg-caption-title\">Vor der Probe in Luzern nochmal schnell die F\u00fc\u00dfe in den Vierwaldst\u00e4ttersee stecken&#8230;<\/div><\/div><\/figcaption><\/figure><div class=\"fg-loader\"><\/div><\/div><div class=\"fg-item fg-type-image fg-idle\"><figure class=\"fg-item-inner\"><a href=\"https:\/\/berlins4.eu\/wp-content\/uploads\/2021\/10\/weihnachtsmarkt.jpg\" data-caption-title=\"Weihnachtsstimmung in Hamburg.\" data-attachment-id=\"90\" data-type=\"image\" class=\"fg-thumb\"><span class=\"fg-image-wrap\"><img decoding=\"async\" title=\"Weihnachtsstimmung in Hamburg.\" width=\"150\" height=\"150\" class=\"skip-lazy fg-image\" data-src-fg=\"https:\/\/berlins4.eu\/wp-content\/uploads\/cache\/2021\/10\/weihnachtsmarkt\/2634310929.jpg\" src=\"data:image\/svg+xml,%3Csvg%20xmlns%3D%22http%3A%2F%2Fwww.w3.org%2F2000%2Fsvg%22%20width%3D%22150%22%20height%3D%22150%22%20viewBox%3D%220%200%20150%20150%22%3E%3C%2Fsvg%3E\" loading=\"eager\"><\/span><span class=\"fg-image-overlay\"><\/span><\/a><figcaption class=\"fg-caption\"><div class=\"fg-caption-inner\"><div class=\"fg-caption-title\">Weihnachtsstimmung in Hamburg.<\/div><\/div><\/figcaption><\/figure><div class=\"fg-loader\"><\/div><\/div><div class=\"fg-item fg-type-image fg-idle\"><figure class=\"fg-item-inner\"><a href=\"https:\/\/berlins4.eu\/wp-content\/uploads\/2021\/10\/barcelona.jpg\" data-caption-title=\"Segeln vor der K\u00fcste Barcelonas... Was man als S\u00e4nger alles erlebt...\" data-attachment-id=\"186\" data-type=\"image\" class=\"fg-thumb\"><span class=\"fg-image-wrap\"><img decoding=\"async\" title=\"Segeln vor der K\u00fcste Barcelonas... Was man als S\u00e4nger alles erlebt...\" width=\"150\" height=\"150\" class=\"skip-lazy fg-image\" data-src-fg=\"https:\/\/berlins4.eu\/wp-content\/uploads\/cache\/2021\/10\/barcelona\/1239370242.jpg\" src=\"data:image\/svg+xml,%3Csvg%20xmlns%3D%22http%3A%2F%2Fwww.w3.org%2F2000%2Fsvg%22%20width%3D%22150%22%20height%3D%22150%22%20viewBox%3D%220%200%20150%20150%22%3E%3C%2Fsvg%3E\" loading=\"eager\"><\/span><span class=\"fg-image-overlay\"><\/span><\/a><figcaption class=\"fg-caption\"><div class=\"fg-caption-inner\"><div class=\"fg-caption-title\">Segeln vor der K\u00fcste Barcelonas&#8230; Was man als S\u00e4nger alles erlebt&#8230;<\/div><\/div><\/figcaption><\/figure><div class=\"fg-loader\"><\/div><\/div><div class=\"fg-item fg-type-image fg-idle\"><figure class=\"fg-item-inner\"><a href=\"https:\/\/berlins4.eu\/wp-content\/uploads\/2021\/10\/IMG-20210511-WA0036-2.jpg\" data-caption-title=\"Perfekt eingekleidet f\u00fcr den Video-Dreh mit ... (top secret)\" data-attachment-id=\"269\" data-type=\"image\" class=\"fg-thumb\"><span class=\"fg-image-wrap\"><img decoding=\"async\" title=\"Perfekt eingekleidet f\u00fcr den Video-Dreh mit ... (top secret)\" width=\"150\" height=\"150\" class=\"skip-lazy fg-image\" data-src-fg=\"https:\/\/berlins4.eu\/wp-content\/uploads\/cache\/2021\/10\/IMG-20210511-WA0036-2\/662840002.jpg\" src=\"data:image\/svg+xml,%3Csvg%20xmlns%3D%22http%3A%2F%2Fwww.w3.org%2F2000%2Fsvg%22%20width%3D%22150%22%20height%3D%22150%22%20viewBox%3D%220%200%20150%20150%22%3E%3C%2Fsvg%3E\" loading=\"eager\"><\/span><span class=\"fg-image-overlay\"><\/span><\/a><figcaption class=\"fg-caption\"><div class=\"fg-caption-inner\"><div class=\"fg-caption-title\">Perfekt eingekleidet f\u00fcr den Video-Dreh mit &#8230; (top secret)<\/div><\/div><\/figcaption><\/figure><div class=\"fg-loader\"><\/div><\/div><div class=\"fg-item fg-type-image fg-idle\"><figure class=\"fg-item-inner\"><a href=\"https:\/\/berlins4.eu\/wp-content\/uploads\/2021\/10\/loewe.jpg\" data-caption-title=\"Nachts im Museum allein mit dem &quot;Lion King&quot;!\" data-attachment-id=\"193\" data-type=\"image\" class=\"fg-thumb\"><span class=\"fg-image-wrap\"><img decoding=\"async\" title=\"Nachts im Museum allein mit dem &quot;Lion King&quot;!\" width=\"150\" height=\"150\" class=\"skip-lazy fg-image\" data-src-fg=\"https:\/\/berlins4.eu\/wp-content\/uploads\/cache\/2021\/10\/loewe\/1784640760.jpg\" src=\"data:image\/svg+xml,%3Csvg%20xmlns%3D%22http%3A%2F%2Fwww.w3.org%2F2000%2Fsvg%22%20width%3D%22150%22%20height%3D%22150%22%20viewBox%3D%220%200%20150%20150%22%3E%3C%2Fsvg%3E\" loading=\"eager\"><\/span><span class=\"fg-image-overlay\"><\/span><\/a><figcaption class=\"fg-caption\"><div class=\"fg-caption-inner\"><div class=\"fg-caption-title\">Nachts im Museum allein mit dem &#8220;Lion King&#8221;!<\/div><\/div><\/figcaption><\/figure><div class=\"fg-loader\"><\/div><\/div><div class=\"fg-item fg-type-image fg-idle\"><figure class=\"fg-item-inner\"><a href=\"https:\/\/berlins4.eu\/wp-content\/uploads\/2022\/03\/Theater-Wandlitz.jpg\" data-caption-title=\"Kurz vor unserem Auftritt im Theater am Wandlitzsee.\" data-attachment-id=\"531\" data-type=\"image\" class=\"fg-thumb\"><span class=\"fg-image-wrap\"><img decoding=\"async\" title=\"Kurz vor unserem Auftritt im Theater am Wandlitzsee.\" width=\"150\" height=\"150\" class=\"skip-lazy fg-image\" data-src-fg=\"https:\/\/berlins4.eu\/wp-content\/uploads\/cache\/2022\/03\/Theater-Wandlitz\/2332620771.jpg\" src=\"data:image\/svg+xml,%3Csvg%20xmlns%3D%22http%3A%2F%2Fwww.w3.org%2F2000%2Fsvg%22%20width%3D%22150%22%20height%3D%22150%22%20viewBox%3D%220%200%20150%20150%22%3E%3C%2Fsvg%3E\" loading=\"eager\"><\/span><span class=\"fg-image-overlay\"><\/span><\/a><figcaption class=\"fg-caption\"><div class=\"fg-caption-inner\"><div class=\"fg-caption-title\">Kurz vor unserem Auftritt im Theater am Wandlitzsee.<\/div><\/div><\/figcaption><\/figure><div class=\"fg-loader\"><\/div><\/div><\/div>\n","protected":false},"excerpt":{"rendered":"","protected":false},"author":1,"featured_media":0,"parent":0,"menu_order":0,"comment_status":"closed","ping_status":"closed","template":"","meta":{"inline_featured_image":false,"footnotes":""},"class_list":["post-383","page","type-page","status-publish","hentry"],"_links":{"self":[{"href":"https:\/\/berlins4.eu\/index.php?rest_route=\/wp\/v2\/pages\/383","targetHints":{"allow":["GET"]}}],"collection":[{"href":"https:\/\/berlins4.eu\/index.php?rest_route=\/wp\/v2\/pages"}],"about":[{"href":"https:\/\/berlins4.eu\/index.php?rest_route=\/wp\/v2\/types\/page"}],"author":[{"embeddable":true,"href":"https:\/\/berlins4.eu\/index.php?rest_route=\/wp\/v2\/users\/1"}],"replies":[{"embeddable":true,"href":"https:\/\/berlins4.eu\/index.php?rest_route=%2Fwp%2Fv2%2Fcomments&post=383"}],"version-history":[{"count":2,"href":"https:\/\/berlins4.eu\/index.php?rest_route=\/wp\/v2\/pages\/383\/revisions"}],"predecessor-version":[{"id":468,"href":"https:\/\/berlins4.eu\/index.php?rest_route=\/wp\/v2\/pages\/383\/revisions\/468"}],"wp:attachment":[{"href":"https:\/\/berlins4.eu\/index.php?rest_route=%2Fwp%2Fv2%2Fmedia&parent=383"}],"curies":[{"name":"wp","href":"https:\/\/api.w.org\/{rel}","templated":true}]}}